-h**2 + h + 1. Let g(p) = -v(p) + 12*z(p). Let t = 3 + 10. Calculate the remainder when g(4) is divided by t.
11
Suppose 0 = 5*k + 5*h - 120, 73 = 3*k + h + h. Let c = -18 + 32. What is the remainder when k is divided by c?
11
Let f(q) = q**3 - 6*q**2 - 7*q + 10. Let k = -18 - -25. Let h be f(k). Suppose -2 + h = 4*u. Calculate the remainder when u is divided by 1.
0
Let f = 96 - 67. Suppose j - f = s, -4*j + 4*s + 120 = s. Calculate the remainder when j is divided by 17.
16
Let t = -70 - -114. Suppose 6 = 5*f - 69. What is the remainder when t is divided by f?
14
Let t = 3 - -23. Let i = t + -7. Calculate the remainder when i is divided by 5.
4
Suppose -g - 5 = 5*p, 2*g = -p + 3*g + 5. Let q = p - -6. Calculate the remainder when q is divided by 3.
0
Suppose w + 3*w + i - 167 = 0, -i = 3*w - 126. What is the remainder when w is divided by 21?
20
Suppose -7*g - 132 = -3*g. What is the remainder when g/(-1)*2/3 is divided by 12?
10
Let p(k) = -k**3 + 6*k**2 - 4*k + 2. Suppose 2*b - 51 = o, -2*o + 82 + 32 = 4*b. What is the remainder when b is divided by p(5)?
6
Suppose 0 = 5*k - 0*k - 155. Suppose 3*f - 26 = -2. Calculate the remainder when k is divided by f.
7
Let v(m) = m**3 + 3*m**2 - 5*m - 6. Let h be v(-4). Let j(b) = -9*b - 36. Let k be j(-7). Let z = h + k. Calculate the remainder when z is divided by 13.
12
Suppose 8*v + 45 = 69. Calculate the remainder when 4 is divided by v.
1
Let p(m) = 6*m**2 - 1. Let f be p(1). Suppose 0 = -4*w + 15 + f. Suppose 2*n = -4*o + 2*o + 4, 34 = w*o - 3*n. Calculate the remainder when 8 is divided by o.
3
Suppose j - 3*g = 65 + 37, -2*j + 182 = 5*g. What is the remainder when j is divided by 9?
6
Suppose 5*f + 3 = -2. Let x = f - -3. Suppose 26 = r + 4*r + n, -3 = -r + x*n. What is the remainder when 13 is divided by r?
3
Let v(d) = -8*d + 1. What is the remainder when v(-6) is divided by 26?
23
Let r(k) = -67*k. What is the remainder when r(-1) is divided by 35?
32
Suppose -5*v - 5 - 140 = 0. Let z = v + 91. What is the remainder when z is divided by 21?
20
Let q be (1 + 1)/((-2)/(-2)). Let k(u) = u**3 + 5*u**2 - 7*u + 8. Let p be k(-7). What is the remainder when (1 - 3)*p/q is divided by 14?
13
Suppose 4*o - 20 = 16. Let n(l) = l**2 + 3*l + 5. What is the remainder when o is divided by n(-3)?
4
Let g(c) = c**2 + 17*c + 39. Calculate the remainder when g(-18) is divided by 12.
9
Suppose 0 = -3*q - 4*r - r + 50, 0 = -q - r + 18. Calculate the remainder when q is divided by 8.
4
Let q be 1/(10/4 + -2). Suppose j + q = 3*m + 18, -5*m = 4*j + 21. Suppose -3*i + 12 = g + j, -i = -1. Calculate the remainder when 23 is divided by g.
7
Suppose -5*y + 49 = 3*m, -4*m + 4*y + 0*y + 44 = 0. Calculate the remainder when 38 is divided by m.
12
Let d(a) = 20*a**2 - 2*a - 1. Let r be d(-3). Let q = -114 + r. Calculate the remainder when q is divided by 24.
23
Suppose -5*k + 3*k = 2*c - 6, -5*c - 5 = -5*k. What is the remainder when ((-3)/4)/((-2)/16) is divided by k?
0
Suppose -2*y - 10 = 2*z, 5*z - 16 - 4 = 4*y. Let o(w) = -4 - 4*w + 2 - 5. What is the remainder when 37 is divided by o(y)?
11
Suppose 5*h = 3*h + 10. What is the remainder when h - 2 - 1*-27 is divided by 11?
8
Let v(d) = -10*d - 5. Let p(y) = 29*y + 14. Let f(z) = 6*p(z) + 17*v(z). Let o(w) = w**2 + 4*w + 12. What is the remainder when f(6) is divided by o(-4)?
11
Let v = 4 + -2. What is the remainder when v is divided by ((-26)/39)/(2/(-6))?
0
Suppose 0 = m + 1 - 4. Suppose -n + 5 = p, n - 18 = -5*p + m. What is the remainder when n is divided by 1?
0
Let o = 4 + 4. Let h(t) = t**2. Let d(k) = -5*k**2 - 10*k - 3. Let c(y) = -d(y) - 6*h(y). Calculate the remainder when 36 is divided by c(o).
17
Calculate the remainder when (-30)/(-26) + (-6)/39 is divided by 1.
0
Suppose -8 = -0*d - d - 3*m, 0 = -m. Let k = 66 + -35. Let q = 45 - k. What is the remainder when q is divided by d?
6
Let p be (1 - 10/(-2))*2. Let q = 24 - 7. Let g = q - p. Calculate the remainder when g is divided by 2.
1
Suppose 5 = 2*l + 5*f - 4, 3*l + 19 = -f. Calculate the remainder when 13 is divided by (12/l)/(9/(-30)).
3
Suppose 6*h - 2*h - 5*c - 21 = 0, -c = 1. Suppose 4*m - 5*x = 175, -h*m + 10 = 2*x - 144. Calculate the remainder when m is divided by 14.
12
Let f = 217 + -201. Calculate the remainder when 118*2*1/4 is divided by f.
11
Suppose x + 3 = 4*p, -4*x - 6*p = -3*p - 7. Let f be x - (-1*6 + 3). Suppose -2*n - n - j = -65, -f*n + 2*j = -90. What is the remainder when n is divided by 6?
4
Suppose 4*t + 0*t = 152. What is the remainder when t is divided by 20?
18
Suppose s = 5*z - 316, -188 = 4*z - 7*z - s. Calculate the remainder when z is divided by (-32)/(-2*1)*1.
15
Let p(u) = -u**3 + u**2 + u + 5. Let m be (1/2*0)/(-2). Suppose m = 5*y - 3 - 7. What is the remainder when p(0) is divided by y?
1
What is the remainder when 1/4 - (-278)/8 is divided by 12?
11
Let c(r) = -r**3 - 9*r**2 - 10*r - 4. Let b be ((-16)/(-6))/((-4)/12). Calculate the remainder when 21 is divided by c(b).
9
Let b(n) = 2*n**2 + 6*n + 6. Calculate the remainder when -1*2/2*-41 is divided by b(-4).
13
Suppose 4*k = 4*r - 6*r + 98, -5*r - 145 = -5*k. Suppose 2*z - y - 22 = 0, -y = -2*z + y + 24. What is the remainder when k is divided by z?
6
Let l = 0 - -18. Let o = 25 - l. Calculate the remainder when 12 is divided by o.
5
Suppose -4*s - 4 = -2*z, 0 = 3*z + 3*s + s - 36. What is the remainder when 31 is divided by z?
7
Suppose -28 = -6*p + 2*p. Calculate the remainder when 7 is divided by p.
0
Let b = 149 + -143. What is the remainder when -2 - (0/1 - 18) is divided by b?
4
Let i(q) = -3*q**2 + 7 - 6*q**2 - 2*q - 6*q - q**3. Suppose -4*y = -5*y + 3. Calculate the remainder when i(-8) is divided by y.
1
Let n = -192 + 273. Let x(v) = -v**3 - 4*v**2 - 4*v - 4. Calculate the remainder when n is divided by x(-4).
9
Suppose 5*l - c + 12 = 3*c, 3*l + 2*c - 6 = 0. Suppose -z = -l*z - 19. Calculate the remainder when z is divided by 10.
9
Suppose 45 = 3*g + f, -f = -3*g + 51 - 6. Calculate the remainder when 830/14 + 2/(-7) is divided by g.
14
Let z = 9 + 45. What is the remainder when z is divided by 14?
12
Suppose 2*o + 56 = 4*o. What is the remainder when 81 is divided by o?
25
Suppose -144 = -3*u + 3*v, -u + 49 = -v - v. Calculate the remainder when u is divided by 10.
7
Suppose 5*d - 4*d = 29. What is the remainder when 53 is divided by d?
24
Suppose -8 = -t + 7. Calculate the remainder when t is divided by 8.
7
Suppose -72*c = -75*c + 15. What is the remainder when 27 is divided by c?
2
Let d = -1 - -13. Suppose -3*i + 4*g = -d - 12, -i + 3*g + 13 = 0. Suppose y + 17 = i*m, 4*m = m - y + 18. Calculate the remainder when 13 is divided by m.
3
Let m = -83 + 91. What is the remainder when 14 is divided by m?
6
Suppose 0 = p - 4, 2*p - 14 = v - 2*p. Calculate the remainder when v is divided by 2/1*(-1 - -2)/1.
0
Suppose -4*q - 3 = -3*q, -q - 7 = -2*y. Calculate the remainder when 1 + -3 - 2 - (2 - 31) is divided by y/8 - 51/(-4).
12
Suppose 2*d + 2*v = -2, 5 - 3 = -v. Let r(o) be the first derivative of o**3/3 + 9*o**2/2 + 9*o + 2. Calculate the remainder when r(-8) is divided by d.
0
Suppose -5*a + 59 = -4*b, 3*a - 3*b - 49 = -4*b. Suppose k + 5 = 3*o - o, 1 = -2*k - 5*o. Let z = 11 + k. What is the remainder when a is divided by z?
7
Let m(t) = t**3 - 3*t**2 + t - 9. What is the remainder when 75 is divided by m(4)?
9
Suppose 0 = -5*i - 5*q + 20, 3*q = 2*i - 2*q + 6. What is the remainder when 3 is divided by i?
1
Suppose -5*i + 2*i = -6. Suppose 16 = l - 4*j, i*j = -2*l - 4 + 6. Calculate the remainder when 10 is divided by l.
2
Suppose 0*d + 5*d = 20. Suppose -4 = -2*m - 0. What is the remainder when d is divided by m?
0
Let w(l) = l**2 + l - 1. Let x be w(0). What is the remainder when x*-1*3 - -1 is divided by 2?
0
Let z(a) = -7*a**2 + a - 7. Let i(l) = 4*l**2 + 4. Let s(k) = 11*i(k) + 6*z(k). Calculate the remainder when 27 is divided by s(-4).
7
Let l = 6 + -3. Suppose 0*n + l = n. Suppose n*r - 5*z = 55 + 33, 0 = 5*r + z - 128. What is the remainder when r is divided by 7?
5
What is the remainder when 28 is divided by (3 + 2)*(-76)/(-20)?
9
Suppose 0 = -3*j - x - x + 32, 0 = 2*j + 2*x - 22. Calculate the remainder when 37/4*2*2 is divided by j.
7
Let g(i) = -4*i - 6. Let t be g(-6). Suppose 4